32*j - 41. What is the remainder when 90 is divided by z(18)?
28
Suppose -4*s - 17 = a, -s = -5*s - 20. What is the remainder when 5 is divided by a?
2
Let a(t) = -2*t**3 - 9*t**2 + 4*t + 3. Let v be a(-7). Let i = v - 61. Suppose i + 9 = 3*r. Calculate the remainder when r is divided by 19.
18
Let s = 24 - 22. Suppose -s*h - h + 42 = 0. What is the remainder when 26 is divided by h?
12
Suppose 120 = 2*v + v. Let a(m) = m**2 + 7*m + 5. Let z be a(-7). Suppose z + 37 = 3*t. Calculate the remainder when v is divided by t.
12
Calculate the remainder when (-7 - -1)/((4/2)/(-34)) is divided by 26.
24
Suppose 5 = 3*i - 1. Let t = 62 + -59. What is the remainder when t is divided by i?
1
What is the remainder when (-10)/(-1) + (-1)/(-1) is divided by 6?
5
Calculate the remainder when 24 is divided by (-4)/5 - (-276)/20.
11
Let u(s) = -s**3 - s**2 + s - 1. Let x(f) = -f**3 - 7*f**2 + f. Let z(p) = 2*u(p) - x(p). Let b = -6 + 11. What is the remainder when 8 is divided by z(b)?
2
Calculate the remainder when 53 is divided by 124/7 + 14/49.
17
Let g(j) = -3*j**3 - j**2 - j - 1. Let z = -50 + 52. What is the remainder when g(-1) is divided by z?
0
Let f(n) = 3*n**3 - n**2 + 1. Let y be f(1). What is the remainder when 19 is divided by -1*(-3 + y + -11)?
8
Let m(h) = -h - 3. Let y be m(-5). Suppose -3*z = -5*c - 14, 0 = z - y*c - 2*c. Calculate the remainder when (-14)/5*(-6 - -1) is divided by z.
6
What is the remainder when 8 is divided by (-2)/3*(-9)/2?
2
Let d(i) = 2*i**2 + 8*i + 5. What is the remainder when 113 is divided by d(-6)?
26
Let b = 5 + -7. What is the remainder when b/6 + (-106)/(-3) is divided by 12?
11
Calculate the remainder when (-1 - -4 - -25)/2 is divided by 5.
4
Let x(c) = -c**3 - c - 1. Let s be x(-2). Let a = s - 6. Let o(d) = -3*d + 1. Calculate the remainder when o(-2) is divided by a.
1
Suppose -6*j + j = -90. Calculate the remainder when 33 is divided by j.
15
Let x(m) = m**2 - 4*m + 10. Let n be x(8). Let v = n - 18. Calculate the remainder when v is divided by 13.
11
Let c(x) = 2*x**2 + 8*x + 3. Let p be c(-7). Suppose -3*u + p = 2*u. Calculate the remainder when (23 - -1) + 2 + -1 is divided by u.
7
Let s be (3 - 0) + 5 + -16. Let n = 19 + s. Calculate the remainder when 30 is divided by n.
8
Suppose 3*i = 3*d + 12, 2*i - 5*d = 5 + 9. Let s(f) = f - 2*f - i - 5*f. What is the remainder when s(-2) is divided by 6?
4
Let m(i) = -i**2 - 10*i + 7. Calculate the remainder when 95 is divided by m(-5).
31
Let q be ((-4)/(-5))/(11/55). Calculate the remainder when 31 is divided by (-6 - 38)*(-1)/q.
9
Let z(f) = f**2 + 4*f + 2. Let i = 133 + -93. Calculate the remainder when i is divided by z(-6).
12
Let a(g) = g**3 + 5*g**2 - 4*g + 1. Let q be a(-5). Let y = 36 - q. What is the remainder when 27 is divided by y?
12
Let d = 11 - 8. Let j = d + -2. What is the remainder when 1 is divided by j?
0
Let r(h) = h**2 + 7*h + 4. Let i be r(-7). Suppose -i*m + 4 = -16. Suppose 2*j = 2*n - 59 - 11, 0 = m*j - 5. Calculate the remainder when n is divided by 19.
17
Suppose 0 = -d + 2, 2*r - r - 29 = 4*d. What is the remainder when 146 is divided by r?
35
Let b(d) = -d + 12. Let s be b(7). Suppose s*u - u = -4*r + 48, 0 = 4*u + r - 42. What is the remainder when 19 is divided by u?
9
Let o be 52 + -1 + -3 + 1. Suppose -b = 4*a - 0*b - 87, 5*b + o = 2*a. What is the remainder when a is divided by 8?
6
Suppose -85*y + 87*y = 18. Let q(s) = s**3 + 7*s**2 + 2*s + 1. Calculate the remainder when q(-6) is divided by y.
7
Let g = 61 + -30. Calculate the remainder when g is divided by 8.
7
Let a(n) = n**2 + 6*n + 9. What is the remainder when 2 is divided by a(-4)?
0
Let t(q) = 2*q**2 - 4*q + 4. What is the remainder when 27 is divided by t(3)?
7
Suppose -60 + 1 = -4*j + a, 0 = 3*j + 2*a - 58. Calculate the remainder when 62 is divided by j.
14
Let y = 27 - 7. What is the remainder when 118 is divided by y?
18
Let k = -13 + 26. Let z be (-6)/4*(-176)/12. Suppose 4*q = -y + z + 7, 3*y - 15 = -3*q. Calculate the remainder when k is divided by q.
5
Suppose -2*r + 2*s = -203 + 29, 3*r = 2*s + 262. What is the remainder when r is divided by 10?
8
Let n be (-3)/2*(-12)/(-9). Let b be 6 + 2 + 2 - n. Let s = 35 - b. Calculate the remainder when s is divided by 12.
11
Let y = 6 - -2. Suppose 5*m - 10 = 0, -3*x + 9*m + 5 = 4*m. What is the remainder when y is divided by x?
3
Let h = -63 + 74. What is the remainder when 87 is divided by h?
10
Let c = -11 + 9. Let y = -7 - -14. Calculate the remainder when (-6)/(-15)*(-65)/c is divided by y.
6
Let z(p) = 29*p - 7. What is the remainder when z(4) is divided by 28?
25
Let a(x) = -3*x - 4. Let r(l) = -7*l - 7. Let c(t) = 5*a(t) - 2*r(t). What is the remainder when 11 is divided by c(-12)?
5
Suppose -5*c - 5 = -5*a, 2*c = -5*a + 2 + 24. Let q(w) = 4*w - 1. Let v(y) = y + 1. Let u(o) = -q(o) + 3*v(o). What is the remainder when 2 is divided by u(c)?
0
Let p be 3 - (-3 - -4)*-1. Let d = -5 - -7. Calculate the remainder when 4 is divided by p - (d/(-2) - -3).
0
Let s be (-3)/(-2*3/8). Suppose 0*t - 42 = -3*t + 3*k, -5*t + 68 = -s*k. Calculate the remainder when 3/6 - 134/(-4) is divided by t.
10
Suppose 43 = 2*t - 43. Let y = t - 26. Calculate the remainder when 65 is divided by y.
14
Suppose 3*g - 5*g = 5*z - 25, 5*g - 28 = -z. Calculate the remainder when 9 is divided by z.
0
Let v(x) = x**2 - 3*x - 4. What is the remainder when 71 is divided by v(-4)?
23
Let j(t) = 2*t + 16. Let f be j(0). Let q = f - 3. Calculate the remainder when 36 is divided by q.
10
Let z be (-7)/21 - (-48)/9. Suppose z*p = 15 - 0. Calculate the remainder when 11 is divided by p.
2
Suppose -b = 3 - 6. Let c(n) = -n**2 + 6*n - 3. Let f be c(b). Calculate the remainder when 62 is divided by f/(-15) + (-107)/(-5).
20
Let i = -7 - -19. What is the remainder when 21 is divided by i?
9
Let j be 2/4*(-44)/2. Let v(m) = 8*m - 45. Let l(d) = 6*d - 30. Let w(r) = -7*l(r) + 5*v(r). Calculate the remainder when 20 is divided by w(j).
6
Suppose -517 = 13*z - 2649. Calculate the remainder when z is divided by 24.
20
Let f = -12 - -22. Calculate the remainder when 27 is divided by f.
7
Let u = -50 + -65. Let z = -27 - u. What is the remainder when z is divided by 30?
28
Let s = -6 + 7. Calculate the remainder when s is divided by 1.
0
What is the remainder when 18 is divided by 26/6 + (-4)/(-6)?
3
Suppose -6*n + 5*n + 8 = 0. Suppose 4*d = 3*d + n. Calculate the remainder when d is divided by 5.
3
Let i be 13/26*1*16. Let x(f) = 2*f**2 - 3*f**2 - 6 + 10*f + 0. Calculate the remainder when x(i) is divided by 4.
2
Suppose 105 = 5*b + r, -4*b + 46 = 2*r - 32. Let l = 88 - 25. What is the remainder when l is divided by b?
19
Suppose 11 = 3*j - 46. Suppose 50*f = 49*f + 11. Calculate the remainder when j is divided by f.
8
Let o = -33 - -14. Let z = o + 9. Calculate the remainder when (25/z)/((-2)/8) is divided by 6.
4
Let h = -10 + 30. Calculate the remainder when h is divided by 7.
6
Suppose 4*s - 3*r + 0*r - 394 = 0, -3*r = 2*s - 188. Calculate the remainder when s is divided by 28.
13
Suppose 0 = 4*i - 152 - 56. Let z(g) = 6*g - 4. Let m be z(3). What is the remainder when i is divided by (36/m)/(2/14)?
16
Suppose m = -3*w + 9 - 0, -5*m + 5 = -5*w. Suppose -3*u + d + 65 = 0, -3*u = -m*d - 15 - 42. Calculate the remainder when u is divided by 6.
5
Suppose 0 = -2*a - 3*s + 6, -a = 2*s - 2 - 1. Let i = 79 + a. What is the remainder when i is divided by 17?
14
Let k(s) = s**3 - s**2. Let f be k(-1). Let x = f - -13. Calculate the remainder when 43 is divided by x.
10
Let a(h) = -6*h + 11. Calculate the remainder when a(-8) is divided by 30.
29
Suppose 4*r + 33 - 84 = -5*a, 3*r = -3*a + 30. Suppose c - 4*c + 129 = 0. Calculate the remainder when c is divided by a.
10
Let n(l) = -l**2 - 9*l - 4. Suppose 4*t - 2*c - 6 - 62 = 0, -3*t = -c - 53. What is the remainder when t is divided by n(-7)?
9
Let l = 5 - 5. Suppose l = -u + 1 + 8. Suppose 8*d - 6*d = 34. What is the remainder when d is divided by u?
8
Let o = -2 - -3. Calculate the remainder when 22/(1/(-3)*-3) is divided by (o + 0)*-1*-6.
4
Let b(w) = w**2 + w + 3. Let c be b(4). Suppose -4*h + 46 = z, 0 = -8*h + 3*h + z + 62. What is the remainder when (c/3)/((-2)/(-6)) is divided by h?
11
Calculate the remaind